+ 22187 + 8*p**2. Let r be (-6)/27 + (-130)/(-18). Calculate j(r).
-8
Suppose 7*f + 2*f - 63 = 0. Suppose 4*n - 33 = -5*g, 4*n = 3*g - 0*n - f. Suppose -g = j - 1. Let c(d) = d**3 + 5*d**2 + 6*d + 1. Determine c(j).
-7
Let a(y) be the second derivative of -y**5/60 - y**4/8 + y**3 + 27*y**2/2 - 15*y + 1. Let n(r) be the first derivative of a(r). What is n(-4)?
2
Let t(i) = -23*i + 44. Let l(h) = 5*h - 11. Let j(w) = 9*l(w) + 2*t(w). Calculate j(10).
-21
Let n(k) = -330 + 7*k + 98 - 2*k + 107 + 112. Let j(o) = -3*o + 12. Let g(w) = -3*j(w) - 2*n(w). Give g(-4).
-6
Let b(k) = 7*k**2 + 17*k + 24. Let y(i) = 9*i**2 + 17*i + 20. Let a(g) = 4*b(g) - 3*y(g). Determine a(-9).
-36
Let a be 4 + -3 + -9 + (-4 - -11). Let l(k) = -k**3 + k**2. Let h be l(0). Let v(g) = h*g + 3*g - 6*g. Calculate v(a).
3
Let l(h) = 138 + 4*h**2 + 146 - 286 + h**3 + h**2. Give l(-5).
-2
Let j(m) = 2*m**2 + 38*m + 29. Let c(u) = u**2 + 8*u + 6. Let q(a) = -6*c(a) + j(a). Give q(-7).
-133
Suppose -2*f + 4*n - 14 = 36, -3*n = -f - 30. Let j be (-10)/f - (-16)/12. Let v(r) = 0*r**2 + 0*r**j + r**2 + 4*r - 9 + 6. Give v(-6).
9
Let z be (-19)/(-3) + 4*(-12 - (-16 - -5)). Let o(s) be the first derivative of -s + 1/4*s**4 + z*s**3 - 8 - 1/2*s**2. What is o(-7)?
6
Let u be -12*2/(-132) - 84/(-22). Let j(d) = 36*d**2 + 21*d + 13. Let z(p) = -13*p**2 - 7*p - 4. Let y(b) = u*j(b) + 11*z(b). Calculate y(-7).
8
Let f = -74 - -3. Let z = f + -41. Let h = 111 + z. Let a(l) = -15*l - 1. Determine a(h).
14
Let o(n) = 3 - 3 + 107*n**3 + 95*n**2 + 27*n**2 - 123*n**2. Determine o(-1).
-108
Let i = 10 - -34. Suppose 2*z + 2*z - 154 = -2*y, -5*y - i = -z. Let t(h) = 1 + 73*h - z*h - 37*h. Calculate t(-1).
4
Let k(h) = -3*h**3 - 9*h**2 - 9*h - 4. Suppose 22*u + 289 = -40*u + 103. Determine k(u).
23
Let c(s) = -2*s**2 + 7*s - 2. Let q(o) = -o + 2. Let v(l) = -c(l) - 4*q(l). Let w be v(0). Let z(t) = -t**3 - 5*t**2 + 8*t + 8. Calculate z(w).
-4
Let z(g) = -8*g - 114. Suppose 2*f - 5*f - 9 = 0, f - 57 = 4*o. What is z(o)?
6
Suppose -3*j - 2 = j - f, 3*j + 9 = -3*f. Let v(q) = q**3 + 2*q + 1. Let d(l) = 7*l**3 - 6*l**2 + 11*l + 15. Let i(h) = j*d(h) + 6*v(h). What is i(6)?
-3
Let i be 4 + (-8)/(-2) - 0. Let v = 43 - 34. Let w(y) = 14*y**3 + 7*y - 34*y**3 + 4 + 10*y**3 + 11*y**3 - v*y**2. Determine w(i).
-4
Let n(g) = g - 5. Let a(t) = -12*t - 17. Let q be a(-9). Let i = -89 + q. Let c be (80/(-50))/(i - (-22)/(-10)). Calculate n(c).
3
Let z(n) = -16*n**2 + 20*n - 11. Let q(t) = -3*t**2 + 4*t - 2. Let d(v) = 11*q(v) - 2*z(v). Suppose 342 = a + 338. What is d(a)?
0
Let x(c) be the first derivative of 27 + 8/3*c**3 + 0*c**2 - 1/4*c**4 + 7*c. Determine x(8).
7
Let q(y) = -99 + 0*y**2 - 123 + 2*y**2 + y + 170 + y**2. Give q(0).
-52
Let j(s) = -s - 20. Let v(q) = -3*q - 76. Let x(h) = -50*h - 1290. Let p(m) = -35*v(m) + 2*x(m). Let c(a) = 9*j(a) + 2*p(a). Calculate c(0).
-20
Let i(g) be the third derivative of 5*g**4/24 + 113*g**3/6 + 334*g**2. Let n be i(-23). Let u(h) = -4*h + 3 + 5*h + 5*h. What is u(n)?
-9
Let h(q) = -10*q - 25. Let k = 276 - 251. Let o(a) = -a - 3. Let v(c) = k*o(c) - 3*h(c). What is v(-1)?
-5
Let p(w) = w**3 - 15*w**2 + 8*w + 4. Let x(k) = -k**3 + 14*k**2 - 8*k - 3. Let t(d) = 6*p(d) + 7*x(d). Give t(6).
27
Let b = -13 + 9. Let d(t) = 2*t**2 + 0*t**2 - 8 - 3*t**2 + 6 - 6*t + 8*t - 5*t. Give d(b).
-6
Let j(a) = 11*a**3 + 16*a**2 - 142*a + 4. Let x(f) = -5*f**3 - 8*f**2 + 66*f - 2. Let p(m) = -6*j(m) - 13*x(m). Determine p(7).
9
Let a(p) = -p**2 + 6*p + 1. Let t be a(7). Let m(r) be the second derivative of r**5/20 + 5*r**4/12 + 2*r**2 + 539*r. What is m(t)?
-32
Let i = 144 + -100. Suppose -3*j = -h - 6, -2*h - 2*h - 5*j = -i. Let z(f) = -3*f + 1. Give z(h).
-17
Let s be 1 + 8/6 + (259/(-21) - -12). Let a(n) = 6*n**3 - 10*n**2 + 2*n - 7. Give a(s).
5
Let s(m) = m**3 + 2*m**2 - 11*m - 11. Let o(y) = y**2 - y - 1. Let i(k) = -5*o(k) + s(k). Determine i(4).
-14
Let k(y) be the third derivative of y**5/60 - y**4/24 - 2*y**3 + 1533*y**2. Determine k(0).
-12
Let u(v) = 16*v + 31. Let f be u(-1). Let s(o) = -3*o + 22. Calculate s(f).
-23
Let o(r) = 531*r**2 + 2*r + 537*r**2 - 1070*r**2 + 1 + 5*r**3. Give o(-2).
-51
Let x = -7257 - -7258. Let q(p) = 8*p - 1. Give q(x).
7
Let a(f) = -3557 + 3*f**2 + 3553 + 18*f - 3*f**2 + 3*f**2 - 2*f**2. Calculate a(-18).
-4
Suppose 0 = -3*v + 3, 2*g + 2*v = 8 + 10. Let t(n) = -8*n**2 + n**2 + 2*n**2 - 4 + g*n**2 + n. Determine t(-2).
6
Suppose 4*z + 33 = -5*h, 38*z = -3*h + 39*z - 13. Let g(b) = 3*b - 4*b - 10 + 2. Calculate g(h).
-3
Let b(f) be the second derivative of -f**3/2 + 5*f**2/2 + 5*f. Let j = 664 + -661. Give b(j).
-4
Let o = -99 + 94. Let m(y) = 15*y - 3. Give m(o).
-78
Let l(p) = 4*p**3 - 2*p**2. Let u(w) = 9*w**3 - 5*w**2. Let v(t) = 7*l(t) - 3*u(t). Let j(q) = 10*q**3 + 4*q**2 - q + 2. Let r(k) = -j(k) + 6*v(k). Give r(2).
-24
Let a(y) be the first derivative of -y**3/2 + 3*y**2/2 - 210*y - 22. Let r(j) be the first derivative of a(j). Determine r(1).
0
Let d(u) = 39*u + 21. Let j(n) = -14*n - 8. Let y(t) = -4*d(t) - 11*j(t). Let r(x) = -2*x + 6. Let k be r(1). Give y(k).
-4
Let k(y) = -2*y + 1. Let s(q) be the second derivative of 7*q**3/6 - 43*q**2 - q + 14. Let r be s(12). Give k(r).
5
Let u(p) = -p**2 + p + 1. Let i(z) = 2*z - 5*z**2 - 159 + 16*z**2 + z + 161. Let k(h) = -i(h) + 3*u(h). What is k(1)?
-13
Suppose 2*c - 35 = 8*q + 3, -4*c + q = -31. Let r(v) be the first derivative of -2*v + c + 1/2*v**2. Give r(2).
0
Let h(j) be the first derivative of -3*j**2/2 + 3*j + 2. Suppose -2*q = -5 - 1. Suppose -3*f = -3*v - 6, q*f = -3*v + 22 + 2. Determine h(v).
-6
Suppose -4*m - 8 - 4 = 0. Let p = -2 - m. Let t(u) be the second derivative of 3*u**3 - u**2/2 + 378613*u. Calculate t(p).
17
Let z = 10294 - 61763/6. Let x(g) be the third derivative of -20*g**2 + 0 - 1/24*g**4 + 0*g - z*g**3 + 1/15*g**5. Determine x(-1).
4
Suppose 0 = 3*w - 4*f - 22, 7*f + 30 = 5*w + 2*f. Suppose -l - 2 = 0, -p - w = 2*l + 15. Let n = p - -21. Let a(s) = s**3 - 8*s**2 - 2*s + 2. Give a(n).
-14
Let o(h) = 5*h**3 - 2*h**2 - h. Let b(x) = 12*x**2 + 4*x + 1. Let j be b(1). Let k be 5 - j/(102/36). Give o(k).
-6
Let a be (-6)/2 + 2 + 4/1. Let w be 549/27 - 5 - 1/a. Let f(o) = o - 20. Let z be f(w). Let j(k) = -k**3 - 4*k**2 + 3*k. Calculate j(z).
10
Let b(r) be the first derivative of -5*r**2 + 25*r - 4157. Determine b(4).
-15
Let g(o) = 4*o**2 - o - 5*o**2 + 5080 - 5055 + 0*o**2. What is g(5)?
-5
Let n(g) be the second derivative of g**5/20 + 5*g**4/12 - 17*g**3/6 - 19*g**2/2 + g + 443. Give n(-7).
2
Let s(j) = -j**2 - 3*j - 9. Suppose -180*k + 80 = -104*k - 92*k. What is s(k)?
-19
Suppose 6 + 18 = 3*m. Suppose -4*v + m = 0, 2*v - 10 = -2*z - v. Let n(k) = -2*k**2 - 1 + 77544*k**3 - 1 - 77543*k**3 + 2*k. Give n(z).
2
Let z(n) be the second derivative of 0*n**2 + 3/20*n**5 - 1/6*n**3 + 1/6*n**4 + 12 - 4*n. Give z(1).
4
Suppose 3*d + 56 = 5*u - 15*u, 4*u + 5*d + 30 = 0. Let h(x) = 2*x**2 - 7. Calculate h(u).
43
Suppose 184 = 4*t - j, -218*t = -220*t + 2*j + 80. Let d(f) = -f**2 + 42*f + 283. Determine d(t).
-5
Let q(n) = -n**3 - 10*n**2 - 16*n + 14. Suppose 126*u - 21*u = -51*u - 1248. Determine q(u).
14
Let x(r) = -9*r + 33. Let u(d) = 14*d - 51. Let o(n) = 5*u(n) + 8*x(n). Suppose -5*a + 170 - 9 = -3*c, 4*a - 132 = 4*c. Let f = a - 24. What is o(f)?
-5
Let i(s) = -s**2 + 9*s - 10. Let b(n) = 4*n + 5 - 5*n**2 - 2*n**3 + 4*n**2 + 2*n. Let m be b(-2). Let t be 3 - (m + -2 + -7). Give i(t).
4
Let v(t) = 2*t**2 + 5*t - 5. Let s = 132 - 128. Suppose 38 = -s*p + 18. What is v(p)?
20
Let h(d) = -51*d + 38. Let f(k) = 14*k - 10. Let r(p) = 11*f(p) + 3*h(p). Suppose 0 = 2*s - 7*s - 15. Calculate r(s).
1
Let m = 333 - 324. Suppose -5*y - 5*u = 10, 8*y - 5 = m*y - 2*u. Let l(x) = -x**3 - 2*x**2 - 4*x. What is l(y)?
21
Suppose -5*x + d + 4*d = 30, 2*x - d + 8 = 0. Let h = -87 + 89. Let u(c) = -27*c + 31*c + 0*c**h + 4*c**2 - c**2 + 2. Determine u(x).
6
Let f(h) = -h**3 + 6*h**2 - 6*h + 12. Let c be f(5). Suppose -14*l + 14 = -c*l. Let m(x) = 4*x - 1. What is m(l)?
7
Let h(z) = -3*z + 6. Suppose 256 = 5*j + 4*n, 4*n - 103 = -2*j + 3*n. Suppose j + 8 = 12*v. What is h(v)?
-9
Let o(f) be the second derivative of -f**3/2 + 13*f**2 + 1753*f. Calculate o(9).
-1
Let a(p) = -10*p - p**2 + 9